divided by 2523.
2515
What is the remainder when 536343 is divided by 1434?
27
Calculate the remainder when 480022903 is divided by 71.
68
What is the remainder when 40282 is divided by 31?
13
What is the remainder when 63212593 is divided by 157?
154
What is the remainder when 11329747 is divided by 871494?
325
What is the remainder when 641494792 is divided by 4380?
4372
Calculate the remainder when 98266507 is divided by 9.
7
What is the remainder when 2981216 is divided by 758?
2
What is the remainder when 3906801 is divided by 15?
6
Calculate the remainder when 3082237 is divided by 58.
1
Calculate the remainder when 440921 is divided by 87988.
981
What is the remainder when 131734 is divided by 280?
134
What is the remainder when 1147390 is divided by 2323?
2151
What is the remainder when 54654864 is divided by 171?
15
What is the remainder when 7239443 is divided by 11?
2
Calculate the remainder when 2608278 is divided by 1248.
1206
Calculate the remainder when 2820085 is divided by 23899.
3
What is the remainder when 596911 is divided by 1201?
14
What is the remainder when 37459 is divided by 3593?
1529
What is the remainder when 2505376 is divided by 94?
88
Calculate the remainder when 25661405 is divided by 833.
7
Calculate the remainder when 1099341 is divided by 9569.
8475
Calculate the remainder when 1024668 is divided by 20.
8
What is the remainder when 18732809 is divided by 34?
33
What is the remainder when 73181755 is divided by 2710435?
10
What is the remainder when 1593217355 is divided by 17?
16
Calculate the remainder when 40751796 is divided by 53.
43
What is the remainder when 16722 is divided by 3976?
818
What is the remainder when 31753 is divided by 2692?
2141
Calculate the remainder when 860538 is divided by 122933.
7
What is the remainder when 13635771 is divided by 1232?
1227
What is the remainder when 251472951 is divided by 35924705?
16
What is the remainder when 278368 is divided by 959?
258
What is the remainder when 221707 is divided by 205?
102
Calculate the remainder when 320815 is divided by 11456.
47
Calculate the remainder when 833927 is divided by 1337.
976
What is the remainder when 1397588 is divided by 282?
278
Calculate the remainder when 2077528 is divided by 14726.
1162
Calculate the remainder when 610899 is divided by 634.
357
Calculate the remainder when 6465430 is divided by 702.
10
What is the remainder when 163221 is divided by 397?
54
Calculate the remainder when 17363032 is divided by 267.
22
Calculate the remainder when 28442 is divided by 551.
341
Calculate the remainder when 11238862 is divided by 273.
271
Calculate the remainder when 10019204 is divided by 2003838.
14
What is the remainder when 653675 is divided by 57?
56
What is the remainder when 10781538 is divided by 37?
34
What is the remainder when 752720 is divided by 107524?
52
What is the remainder when 250038018 is divided by 19?
13
Calculate the remainder when 2500424 is divided by 2269.
2255
Calculate the remainder when 3674064 is divided by 1768.
160
Calculate the remainder when 13357271 is divided by 8840.
31
Calculate the remainder when 2215487 is divided by 48.
47
What is the remainder when 16779566 is divided by 5593186?
8
Calculate the remainder when 443663 is divided by 14311.
22
Calculate the remainder when 86402878 is divided by 285.
283
Calculate the remainder when 313086 is divided by 51856.
1950
Calculate the remainder when 1798347 is divided by 4397.
4371
What is the remainder when 2359822 is divided by 233?
231
Calculate the remainder when 554524 is divided by 137893.
2952
What is the remainder when 867932 is divided by 433783?
366
Calculate the remainder when 137511 is divided by 2021.
83
Calculate the remainder when 309762 is divided by 4424.
82
What is the remainder when 160159857 is divided by 20019982?
1
Calculate the remainder when 862575 is divided by 464.
463
Calculate the remainder when 28425655 is divided by 114.
97
Calculate the remainder when 433530 is divided by 184.
26
What is the remainder when 1026589 is divided by 565?
549
What is the remainder when 96759 is divided by 1978?
1815
What is the remainder when 6902900 is divided by 6902836?
64
What is the remainder when 43433561 is divided by 449?
444
Calculate the remainder when 684149 is divided by 2243.
34
What is the remainder when 25477404 is divided by 8492468?
0
What is the remainder when 1362636 is divided by 422?
420
What is the remainder when 162701 is divided by 7366?
649
Calculate the remainder when 53709 is divided by 17577.
978
Calculate the remainder when 3078869 is divided by 607.
165
What is the remainder when 7463278 is divided by 17?
6
What is the remainder when 581218 is divided by 83030?
8
Calculate the remainder when 611347445 is divided by 203782476.
17
Calculate the remainder when 3223278 is divided by 65780.
58
Calculate the remainder when 31254329 is divided by 1562715.
29
Calculate the remainder when 37208 is divided by 1549.
32
What is the remainder when 3331687 is divided by 166584?
7
Calculate the remainder when 1341365 is divided by 2391.
14
What is the remainder when 285685 is divided by 1324?
1025
Calculate the remainder when 74612 is divided by 18646.
28
What is the remainder when 691447 is divided by 76?
75
What is the remainder when 4920992 is divided by 320?
32
Calculate the remainder when 94593 is divided by 2890.
2113
What is the remainder when 2286206 is divided by 95255?
86
Calculate the remainder when 1551382 is divided by 474.
454
Calculate the remainder when 38177 is divided by 1875.
677
What is the remainder when 130282 is divided by 43170?
772
What is the remainder when 12024821 is divided by 324994?
43
Calculate the remainder when 4654 is divided by 1809.
1036
What is the remainder when 30247163 is divided by 403?
401
Calculate the remainder when 873566 is divided by 24258.
278
What is the remainder when 41285379 is divided by 118978?
13
What is the remainder when 80231 is divided by 7142?
1669
Calculate the remainder when 10800 is divided by 396.
108
What is the remainder when 2395241 is divided by 140896?
9
What is the remainder when 8117731 is divided by 567?
559
What is the remainder when 577707 is divided by 44429?
130
What is the remainder when 3022265 is divided by 3119?
3073
What is the remainder when 56189 is divided by 4464?
2621
Calculate the remainder when 689071 is divided by 5.
1
Calculate the remainder when 33044 is divided by 100.
44
What is the remainder when 247374 is divided by 69?
9
What is the remainder when 30600347 is divided by 89?
11
Calculate the remainder when 66275109 is divided by 1733.
1723
What is the remainder when 31770 is divided by 453?
60
Calculate the remainder when 77238 is divided by 63.
0
Calculate the remainder when 5367117 is divided by 1320.
1317
Calculate the remainder when 36114 is divided by 2254.
50
What is the remainder when 4987705 is divided by 43?
6
What is the remainder when 12096921 is divided by 50?
21
What is the remainder when 38962985 is divided by 172?
169
What is the remainder when 170240 is divided by 28324?
296
Calculate the remainder when 5007764 is divided by 89420.
244
Calculate the remainder when 1488943 is divided by 744467.
9
What is the remainder when 8172 is divided by 110?
32
Calculate the remainder when 115479 is divided by 56127.
3225
What is the remainder when 394696 is divided by 394682?
14
What is the remainder when 41431301 is divided by 456?
53
What is the remainder when 361549494 is divided by 2?
0
Calculate the remainder when 91807937 is divided by 22951978.
25
What is the remainder when 11128597 is divided by 479?
469
Calculate the remainder when 312569 is divided by 11531.
1232
What is the remainder when 45851657 is divided by 222?
221
What is the remainder when 23632 is divided by 2376?
2248
What is the remainder when 691985 is divided by 22322?
3
What is the remainder when 1005335 is divided by 78?
71
Calculate the remainder when 4191778 is divided by 73532.
454
Calculate the remainder when 465984 is divided by 8075.
5709
What is the remainder when 134025 is divided by 67011?
3
Calculate the remainder when 82633 is divided by 666.
49
Calculate the remainder when 4107786 is divided by 325.
111
Calculate the remainder 